{"id":2,"date":"2018-04-11T11:35:09","date_gmt":"2018-04-11T11:35:09","guid":{"rendered":"http:\/\/coeurdesante.fr\/?page_id=2"},"modified":"2018-04-11T11:35:09","modified_gmt":"2018-04-11T11:35:09","slug":"presentation","status":"publish","type":"page","link":"https:\/\/coeurdesante.fr\/?page_id=2","title":{"rendered":"Pr\u00e9sentation"},"content":{"rendered":"<p>L&rsquo;objectif de ce blog est de partager des informations int\u00e9ressantes et des connaissances qui participent \u00e0 notre\u00a0 mieux \u00eatre physique, psychologique environnemental et spirituel.<br \/>\nL&rsquo;id\u00e9e est de prendre en consid\u00e9ration l&rsquo;Etre dans sa globalit\u00e9. Nous ne sommes pas qu&rsquo;un corps physique fait de chairs, de muscles et d&rsquo;organes.\u00a0 Cette vision r\u00e9ductrice et m\u00e9caniste d\u00e9j\u00e0 fort \u00e9prouv\u00e9e dans une approche g\u00e9n\u00e9ralis\u00e9e de \u00ab\u00a0sant\u00e9\u00a0\u00bb n&rsquo;est pas suffisante pour nous assurer une sant\u00e9 \u00e9quilibr\u00e9e et le plein potentiel de notre vie.<br \/>\nIl appartient \u00e0 chacun de se prendre un minima en charge, d&rsquo;ouvrir\u00a0 son esprit \u00e0 des approches plus naturelles, plus saines et plus respectueuse de l&rsquo;humain dans toutes ses dimensions.<br \/>\nCe blog est con\u00e7u comme un lieu de partage. Nous l&rsquo;alimenterons d&rsquo;articles, de liens, de dossiers qui nous semblent int\u00e9ressants. Ils traiterons de divers th\u00e8mes. Chacun, selon sa sensibilit\u00e9, son ouverture d&rsquo;esprit et ses croyances pourra y trouver un int\u00e9r\u00eat.<br \/>\nNous vous souhaitons bonne lecture.<br \/>\nClaudine, Estelle et Sabine<\/p>\n","protected":false},"excerpt":{"rendered":"<p>L&rsquo;objectif de ce blog est de partager des informations int\u00e9ressantes et des connaissances qui participent \u00e0 notre\u00a0 mieux \u00eatre physique, psychologique environnemental et spirituel. L&rsquo;id\u00e9e est de prendre en consid\u00e9ration l&rsquo;Etre dans sa globalit\u00e9. Nous ne sommes pas qu&rsquo;un corps physique fait de chairs, de muscles et d&rsquo;organes.\u00a0 Cette vision r\u00e9ductrice et m\u00e9caniste d\u00e9j\u00e0 fort &hellip; <\/p>\n<p class=\"link-more\"><a href=\"https:\/\/coeurdesante.fr\/?page_id=2\" class=\"more-link\">Continuer la lecture<span class=\"screen-reader-text\"> de &laquo;&nbsp;Pr\u00e9sentation&nbsp;&raquo;<\/span><\/a><\/p>\n","protected":false},"author":2,"featured_media":0,"parent":0,"menu_order":0,"comment_status":"closed","ping_status":"open","template":"","meta":{"footnotes":""},"class_list":["post-2","page","type-page","status-publish","hentry"],"_links":{"self":[{"href":"https:\/\/coeurdesante.fr\/index.php?rest_route=\/wp\/v2\/pages\/2","targetHints":{"allow":["GET"]}}],"collection":[{"href":"https:\/\/coeurdesante.fr\/index.php?rest_route=\/wp\/v2\/pages"}],"about":[{"href":"https:\/\/coeurdesante.fr\/index.php?rest_route=\/wp\/v2\/types\/page"}],"author":[{"embeddable":true,"href":"https:\/\/coeurdesante.fr\/index.php?rest_route=\/wp\/v2\/users\/2"}],"replies":[{"embeddable":true,"href":"https:\/\/coeurdesante.fr\/index.php?rest_route=%2Fwp%2Fv2%2Fcomments&post=2"}],"version-history":[{"count":0,"href":"https:\/\/coeurdesante.fr\/index.php?rest_route=\/wp\/v2\/pages\/2\/revisions"}],"wp:attachment":[{"href":"https:\/\/coeurdesante.fr\/index.php?rest_route=%2Fwp%2Fv2%2Fmedia&parent=2"}],"curies":[{"name":"wp","href":"https:\/\/api.w.org\/{rel}","templated":true}]}}

Présentation

<p>L&rsquo;objectif de ce blog est de partager des informations intéressantes et des connaissances qui participent à notre  mieux être physique, psychologique environnemental et spirituel.<br />
L&rsquo;idée est de prendre en considération l&rsquo;Etre dans sa globalité. Nous ne sommes pas qu&rsquo;un corps physique fait de chairs, de muscles et d&rsquo;organes.  Cette vision réductrice et mécaniste déjà fort éprouvée dans une approche généralisée de « santé » n&rsquo;est pas suffisante pour nous assurer une santé équilibrée et le plein potentiel de notre vie.<br />
Il appartient à chacun de se prendre un minima en charge, d&rsquo;ouvrir  son esprit à des approches plus naturelles, plus saines et plus respectueuse de l&rsquo;humain dans toutes ses dimensions.<br />
Ce blog est conçu comme un lieu de partage. Nous l&rsquo;alimenterons d&rsquo;articles, de liens, de dossiers qui nous semblent intéressants. Ils traiterons de divers thèmes. Chacun, selon sa sensibilité, son ouverture d&rsquo;esprit et ses croyances pourra y trouver un intérêt.<br />
Nous vous souhaitons bonne lecture.<br />
Claudine, Estelle et Sabine</p>

<p>L&rsquo;objectif de ce blog est de partager des informations intéressantes et des connaissances qui participent à notre  mieux être physique, psychologique environnemental et spirituel. L&rsquo;idée est de prendre en considération l&rsquo;Etre dans sa globalité. Nous ne sommes pas qu&rsquo;un corps physique fait de chairs, de muscles et d&rsquo;organes.  Cette vision réductrice et mécaniste déjà fort &hellip; </p>
<p class="link-more"><a href="https://coeurdesante.fr/?page_id=2" class="more-link">Continuer la lecture<span class="screen-reader-text"> de &laquo;&nbsp;Présentation&nbsp;&raquo;</span></a></p>
